uppose -47 = -2*n - 7. Suppose -u + x*u = n. What is the tens digit of u?
2
Let z be 1/(0 - 1/(-5)). What is the hundreds digit of 2 - 158/(4 - z)?
1
Suppose 2*v = -2*v + 8. Let g(u) = 7*u - 6*u - 4 - 3 + 10*u. What is the tens digit of g(v)?
1
Let g = 37 - 51. What is the tens digit of (-4)/6*1155/g?
5
Let t be 618/36 - (-2)/(-12). Suppose -21*r + t*r = -72. Let u = r + 30. What is the tens digit of u?
4
Let n(a) = -6*a**3 + 11*a**2 + 3*a + 64. What is the units digit of n(-6)?
8
Let r(g) = -58*g + 17. Let f be 12/9*6/(-4). What is the hundreds digit of r(f)?
1
Suppose 48*p + 32076 = 60*p. What is the hundreds digit of p?
6
Let m(h) = 7*h + h**2 + 0 + 6 - 2. Let c be m(-5). What is the units digit of (-12)/(-18) - 80/c?
4
What is the tens digit of (3580/25)/(1 - 12/20)?
5
Let t = 84 - 72. Suppose -18*u + t*u + 2034 = 0. What is the hundreds digit of u?
3
Let o(m) = 3*m - 3. Let i(g) = 7*g - 7. Let l(h) = 6*i(h) - 13*o(h). Let f = 286 - 275. What is the tens digit of l(f)?
3
Let m(u) = 25*u - 7. Let c be m(9). Let g = c + -156. What is the tens digit of g?
6
What is the tens digit of 6/(-4) + 123284/56?
0
Let r(n) = n**2 + 3*n + 7. Suppose 2*q - 3*p - 33 = 0, 2*q - 5*q - 2*p + 56 = 0. Let y = -24 + q. What is the tens digit of r(y)?
2
Let c be 8/36 - (-430)/9. Let m = -12 + c. Suppose 0*j = 4*j - m. What is the units digit of j?
9
Suppose 0 = 11*n - 5*n - 72. Suppose 424 = -4*u + n*u. What is the units digit of u?
3
Suppose -3*l + h + 1592 = 0, 0*l = -3*l + 3*h + 1584. What is the hundreds digit of l?
5
Suppose -3*l = m - 0*m - 20, -5*l + 2*m + 15 = 0. What is the units digit of 2*(-4 - -14)/l?
4
Let p = 358 + -175. What is the units digit of p?
3
Let t be (0 + 3)/(9/12)*86. Suppose -3*a + t = -241. What is the hundreds digit of a?
1
Let l be 267 - ((-3 - -1) + 6). Let d = -186 + l. What is the units digit of d?
7
Suppose 11*j = 8*j + 24. Suppose -7*r - 65 = -j*r. What is the tens digit of r?
6
Let k = 129 + -39. What is the tens digit of (k/(-35))/6 - (-2232)/14?
5
Let h = 5700 - 2416. What is the hundreds digit of h?
2
Suppose 5 = 5*p - 15. What is the units digit of (6/p)/((-7)/(-182))?
9
Suppose 56 = z + 4*y, -z - z - 5*y = -100. Let b = z - -88. What is the tens digit of b?
2
Let c = 9 + -6. Suppose c*w = -w + 8. Suppose 10 = 2*y, w*y - 28 = 2*q - 3*q. What is the tens digit of q?
1
Let w be 3*6/((-36)/38). Suppose i + i = 76. Let t = w + i. What is the tens digit of t?
1
Let z = 3 + 14. Suppose f + f = -5*w - 25, 0 = 5*f + 5*w + 70. Let y = f + z. What is the units digit of y?
2
Suppose 0 = -18*z + 19404 - 2484. What is the hundreds digit of z?
9
Let w = -113 + -29. Let v = w + 212. Suppose -v = -3*d + d. What is the units digit of d?
5
Suppose 2*b - 20 = 3*p, 3*p + 0*b + 16 = -2*b. What is the hundreds digit of 1626/(-9)*p/4?
2
Let z = -19 + 7. Let p be z/(-2 - (-3 + 3)). What is the tens digit of -1 - p/(-3) - -31?
3
Let q be (-16)/12*24/(-2). Let h(f) = f**3 - 17*f**2 + 18*f - 24. What is the units digit of h(q)?
8
Suppose g - 2*t + 5 = -4*t, 3*t = -3*g. Suppose -g*i + 442 = y, -5*i + 138 = 4*y - 310. What is the tens digit of i?
8
Let d = 6 + 0. What is the units digit of d/4 - 1755/(-30)?
0
Let g(a) = 6156*a**2 + 45*a - 1. What is the units digit of g(1)?
0
Let m be (4*(2 + -3))/(-2). What is the hundreds digit of m - (745/(-5) + -2)?
1
Let i(w) = 17*w + 6. Suppose -9 = -9*z + 6*z. Let h be i(z). Suppose p = 4*p - h. What is the tens digit of p?
1
Let c(a) = 16*a**2 + 17*a**2 - 1 - 9*a**2. Let d(p) = -p**3 + 7*p**2 - 11*p + 6. Let z be d(5). What is the units digit of c(z)?
3
Let g(y) = 36*y**2 + 2*y - 11. What is the thousands digit of g(-8)?
2
Let t = 302 - 135. What is the tens digit of t?
6
Suppose 0 = 3*d - 2*k - 669, -4*d - 7*k + 891 = -10*k. What is the tens digit of d?
2
Suppose 0 = -5*k - 218 + 73. What is the units digit of k/9 - -3 - 677/(-9)?
5
Suppose -j + 3650 = 5*g + 1013, -5230 = -2*j + g. What is the hundreds digit of j?
6
Suppose 3*u + 6*u = 19224. What is the thousands digit of u?
2
Let o(j) = -j**2 - 9*j - 14. Let f(r) = r**2 + 10*r - 7. Let q be f(-10). Let l be o(q). What is the units digit of -3 + (-1 - -11) - l?
7
Let k be (3/(-1) + 52)*3. Suppose k*a - 143*a - 384 = 0. What is the tens digit of a?
9
Suppose 3*h + t - 332 = 5195, 4*h - 7378 = 3*t. What is the thousands digit of h?
1
Let w = 14 + -20. Let v be 81/w*(-12)/9. Suppose 0 = -2*k + v + 18. What is the tens digit of k?
1
Let y(m) = m**2 + 11*m + 12. Let z be y(-8). What is the units digit of (16/(-3))/(8/z)?
8
Let r = 2 + -2. Suppose 0 = -30*a + 9*a + 1008. Suppose r = -d + 4*d - a. What is the units digit of d?
6
Suppose 5*b + 2*n - 7389 = 0, -2*b + 2874 + 88 = 4*n. What is the hundreds digit of b?
4
Let h(j) = 4*j**2 - 6*j + 8. Let w be h(-7). Suppose 610 - w = 4*y - 2*n, 0 = 5*y - n - 461. What is the tens digit of y?
9
Suppose -z + 45 - 9 = 4*c, c - 39 = -z. Let k be 178/(-6) + (-4)/(-6). Let l = k + z. What is the units digit of l?
1
Let g(p) = p**3 + 51*p**2 + 17*p + 162. What is the thousands digit of g(-50)?
1
Suppose 1007 = 9*s - 1063. What is the tens digit of s?
3
Suppose 18*c + 44640 = 48*c. What is the thousands digit of c?
1
Let o be (7/(-4))/((-1)/4). Suppose 2*c = o*c + 10. What is the units digit of 5/(20/16) + c?
2
Let y(r) = 61*r**3 + 2*r**2 + 4*r + 9. Let t be y(-2). Let m = -161 - t. What is the units digit of m?
8
Let l be 1/(-1 + (-18)/(-21)). Let s(o) = -o**3 - 10*o**2 - 8*o - 7. Let r be s(l). Let a = -62 - r. What is the units digit of a?
6
Suppose 2*k + 2*b + b = -9, 4*b = 3*k - 12. Suppose -3*r - 15 + 6 = k. Let u(o) = 3*o**2 + o + 4. What is the units digit of u(r)?
8
Suppose -9*x = -16*x + 4368. What is the units digit of x?
4
Let j = 12 + -11. What is the units digit of 280/3 + (j - 1/3)?
4
Suppose 1078 = x + 13*c - 15*c, 0 = -6*x + 5*c + 6475. What is the units digit of x?
0
Suppose c + 4*b = -0*b + 687, -4*c + 2769 = -5*b. What is the units digit of c?
1
Let n(j) = -j**3 - 7*j**2 - 9*j - 12. Let b be n(-6). Let k = 6 + b. What is the tens digit of k?
1
Suppose -25*t = -30*t + 13605. What is the units digit of 9/(-12) + t/12?
6
Suppose 5*m + 220 = -170. Let j = m + 16. Let z = -37 - j. What is the tens digit of z?
2
Let n(u) = -u**2 + 4*u + 9. Let k be n(6). Let h(p) be the third derivative of p**5/30 + p**4/6 + 5*p**3/6 + 2*p**2. What is the units digit of h(k)?
1
Let d(c) = -94*c + 163. What is the units digit of d(-9)?
9
Let d(f) = 494*f**2 + 5*f - 9. What is the thousands digit of d(3)?
4
Let y(p) = -53 + 15*p - 52 + 141 - 44. What is the tens digit of y(3)?
3
Suppose 0 = 4*r - 6*r. Suppose -1 = y - r, 2*y = 5*a - 152. What is the tens digit of a?
3
Let f(i) = 7*i**3 - 8*i**2 + 7*i - 5. Let k be f(5). Let g be k/55 - 4/(-22). Let o = 0 + g. What is the units digit of o?
3
Suppose 30*s - 77*s = -84600. What is the units digit of s?
0
Suppose 3*s - 1456 = -5*t, -2*t - 2*t - 3*s = -1163. Suppose -3*g = -t + 5. What is the units digit of g?
6
Let d(g) = 3*g**2 + 16*g - 35. What is the hundreds digit of d(15)?
8
Suppose -40 = -3*c - 2*h, -4*h - 61 = -5*c - 9. Suppose 7*u + 220 = c*u. What is the units digit of u?
4
Let m(q) be the second derivative of -q**4/12 - 3*q**3/2 + 19*q**2/2 - 2*q. Let j(r) = -r**2 + 9*r - 28. Let a be j(6). What is the units digit of m(a)?
9
Let c = -704 - -1068. What is the tens digit of c?
6
Let p(r) = -6*r - 41. Let b be p(-6). Let n(k) = k**3 + 5*k**2 - 4*k + 8. What is the units digit of n(b)?
8
Let i(y) = 4*y + y**3 + 3*y**2 + 10 - 7*y - 9*y**2. What is the tens digit of i(7)?
3
Let l be 6/(-4)*56/(-21). Suppose -c = -6 + l. Suppose -a - 8 = -4*q, -a + 5*q - 10 - c = 0. What is the units digit of a?
8
Suppose -r - 4*n = -8*n - 79, 195 = 3*r + 2*n. What is the units digit of r?
7
Let w(z) = 414*z**3 - z**2 - 3*z + 1. What is the hundreds digit of w(2)?
3
Suppose -h - 2 = 2, -3*m - 4*h = 16. Suppose m = -z - j + 55, -3*j + 119 = 4*z - 97. Suppose x + 4*y - 2*y = z, 0 = x + y - 47. What is the units digit of x?
3
What is the hundreds digit of ((-9)/(-15))/((-7)/(-11515))?
9
Let x(u) = 42*u - 280. What is the tens digit of x(22)?
4
Let g(d) = d**2 - 7*d + 2. Suppose -5*l + m = -42, m - 20 = -2*l + 3*m. Let j be g(l). Suppose j*h = 3*h + 336. What is the tens digit of h?
4
Let g be -2*2/4